
5
Calculate the highest common divisor of 1067 and 77.
11
What is the highest common factor of 444 and 16724?
148
What is the highest common factor of 31 and 1147?
31
Calculate the highest common divisor of 186 and 15407.
31
Calculate the highest common factor of 396 and 1452.
132
Calculate the highest common divisor of 376 and 47.
47
What is the greatest common divisor of 30 and 1905?
15
What is the greatest common factor of 90 and 250?
10
What is the highest common divisor of 19575 and 405?
135
What is the greatest common factor of 705 and 75?
15
What is the highest common divisor of 25 and 35?
5
Calculate the greatest common divisor of 301 and 21.
7
What is the highest common divisor of 60 and 1185?
15
Calculate the highest common factor of 48 and 6216.
24
What is the highest common factor of 284 and 15194?
142
Calculate the highest common divisor of 552 and 16.
8
What is the greatest common divisor of 1177 and 642?
107
What is the greatest common factor of 792 and 738?
18
What is the highest common divisor of 11070 and 205?
205
What is the greatest common divisor of 15 and 75?
15
What is the greatest common factor of 23 and 69?
23
What is the greatest common factor of 4284 and 72?
36
Calculate the highest common factor of 2513 and 7.
7
What is the highest common factor of 183 and 19947?
183
Calculate the greatest common divisor of 3753 and 54.
27
Calculate the highest common factor of 61 and 1.
1
Calculate the greatest common divisor of 7803 and 3.
3
What is the highest common divisor of 240 and 192?
48
What is the highest common factor of 513 and 57?
57
Calculate the greatest common factor of 2057 and 3553.
187
What is the highest common factor of 190 and 152?
38
What is the highest common divisor of 22 and 2?
2
What is the highest common factor of 55 and 20?
5
What is the highest common divisor of 154 and 28?
14
Calculate the highest common factor of 782 and 340.
34
Calculate the greatest common factor of 3627 and 26.
13
Calculate the highest common factor of 47 and 1081.
47
Calculate the greatest common divisor of 319 and 33.
11
What is the highest common divisor of 40 and 75960?
40
What is the greatest common divisor of 369 and 18?
9
What is the greatest common divisor of 14 and 525?
7
What is the highest common divisor of 512 and 576?
64
Calculate the highest common divisor of 344 and 473.
43
Calculate the greatest common divisor of 481 and 111.
37
Calculate the greatest common factor of 779 and 38.
19
Calculate the highest common divisor of 286 and 130.
26
What is the highest common divisor of 18 and 882?
18
What is the highest common factor of 22414 and 7?
7
Calculate the highest common divisor of 12 and 12612.
12
Calculate the highest common factor of 1732 and 16.
4
What is the greatest common divisor of 1734 and 1088?
34
Calculate the highest common divisor of 999 and 1443.
111
Calculate the highest common factor of 320 and 5.
5
What is the greatest common divisor of 135 and 12?
3
What is the greatest common factor of 186 and 38316?
186
What is the greatest common factor of 7 and 119?
7
Calculate the highest common factor of 145 and 319.
29
Calculate the highest common divisor of 1703 and 13.
13
Calculate the greatest common divisor of 3322 and 154.
22
Calculate the highest common factor of 452 and 25086.
226
Calculate the greatest common divisor of 329 and 133.
7
Calculate the greatest common divisor of 2358 and 342.
18
Calculate the greatest common divisor of 990 and 132.
66
What is the highest common divisor of 98 and 826?
14
What is the highest common divisor of 126 and 2856?
42
Calculate the highest common divisor of 80 and 1080.
40
Calculate the highest common divisor of 200 and 120.
40
Calculate the highest common divisor of 78 and 4.
2
Calculate the highest common divisor of 85 and 425.
85
What is the greatest common divisor of 6318 and 78?
78
What is the greatest common factor of 1408 and 22?
22
What is the highest common factor of 448 and 35?
7
Calculate the greatest common factor of 442 and 8126.
34
What is the greatest common factor of 255 and 68?
17
What is the greatest common factor of 66 and 165?
33
Calculate the highest common divisor of 69 and 552.
69
Calculate the highest common factor of 7 and 1841.
7
What is the greatest common divisor of 72 and 24?
24
Calculate the greatest common divisor of 2828 and 505.
101
Calculate the greatest common factor of 1729 and 52.
13
Calculate the greatest common divisor of 1488 and 96.
48
Calculate the highest common divisor of 1166 and 44.
22
Calculate the highest common divisor of 380 and 38.
38
Calculate the greatest common factor of 322 and 69.
23
Calculate the greatest common divisor of 102 and 78.
6
Calculate the highest common factor of 442 and 624.
26
What is the greatest common factor of 56 and 200?
8
What is the greatest common divisor of 152 and 646?
38
What is the greatest common divisor of 174 and 783?
87
What is the highest common factor of 309 and 83121?
309
Calculate the highest common factor of 88 and 4268.
44
Calculate the highest common factor of 177 and 27.
3
Calculate the greatest common divisor of 884 and 104.
52
What is the highest common factor of 9204 and 78?
78
Calculate the highest common factor of 2352 and 448.
112
Calculate the highest common divisor of 76 and 4.
4
What is the highest common factor of 875 and 154?
7
What is the highest common divisor of 46003 and 179?
179
What is the greatest common factor of 28 and 2268?
28
What is the highest common divisor of 16 and 11896?
8
What is the highest common factor of 156 and 132?
12
What is the greatest common factor of 30 and 384?
6
Calculate the highest common factor of 242 and 88.
22
What is the greatest common factor of 602 and 2494?
86
Calculate the greatest common divisor of 36 and 414.
18
Calculate the greatest common divisor of 400 and 525.
25
Calculate the greatest common divisor of 800 and 4224.
32
Calculate the highest common factor of 308 and 700.
28
Calculate the greatest common divisor of 28 and 42.
14
Calculate the highest common divisor of 649 and 11.
11
Calculate the greatest common factor of 18 and 12321.
9
Calculate the highest common divisor of 120 and 180.
60
Calculate the highest common divisor of 121 and 66.
11
Calculate the greatest common factor of 238 and 70.
14
Calculate the greatest common factor of 48 and 2048.
16
What is the highest common divisor of 4 and 1048?
4
Calculate the highest common factor of 80 and 770.
10
What is the greatest common factor of 5412 and 1558?
82
Calculate the highest common divisor of 90 and 198.
18
What is the greatest common factor of 1480 and 3256?
296
What is the greatest common factor of 36 and 90?
18
What is the highest common factor of 31500 and 56?
28
Calculate the greatest common divisor of 200 and 288.
8
Calculate the greatest common divisor of 244 and 4331.
61
What is the highest common factor of 50 and 550?
50
Calculate the greatest common divisor of 120 and 1230.
30
What is the greatest common factor of 160 and 3160?
40
Calculate the greatest common divisor of 52 and 4.
4
What is the highest common factor of 42 and 462?
42
Calculate the greatest common divisor of 38 and 43339.
19
What is the greatest common divisor of 124 and 16?
4
Calculate the highest common factor of 5763 and 102.
51
What is the greatest common divisor of 16 and 956?
4
Calculate the highest common divisor of 4050 and 660.
30
What is the highest common factor of 100 and 340?
20
What is the greatest common divisor of 595 and 629?
17
What is the greatest common factor of 648 and 636?
12
Calculate the greatest common divisor of 469 and 268.
67
Calculate the greatest common factor of 1580 and 20.
20
Calculate the greatest common factor of 92 and 7452.
92
What is the greatest common factor of 12072 and 168?
24
Calculate the highest common factor of 42878 and 22.
22
What is the greatest common divisor of 32 and 13008?
16
Calculate the greatest common divisor of 12 and 90.
6
What is the greatest common factor of 96 and 84?
12
What is the highest common divisor of 912 and 38?
38
Calculate the greatest common factor of 989 and 43.
43
What is the greatest common divisor of 2071 and 3161?
109
Calculate the greatest common factor of 4563 and 195.
39
What is the highest co